{"id":731,"date":"2012-11-11T16:06:18","date_gmt":"2012-11-11T08:06:18","guid":{"rendered":"https:\/\/marica.org\/?page_id=731"},"modified":"2024-03-25T07:09:38","modified_gmt":"2024-03-25T07:09:38","slug":"o-blogu","status":"publish","type":"page","link":"https:\/\/marica.org\/?page_id=731","title":{"rendered":"O blogu&#8230;"},"content":{"rendered":"\t\t<div data-elementor-type=\"wp-page\" data-elementor-id=\"731\" class=\"elementor elementor-731\">\n\t\t\t\t<div class=\"elementor-element elementor-element-60d3942a e-flex e-con-boxed e-con e-parent\" data-id=\"60d3942a\" data-element_type=\"container\">\n\t\t\t\t\t<div class=\"e-con-inner\">\n\t\t\t\t<div class=\"elementor-element elementor-element-888c79a elementor-widget elementor-widget-mkdf_section_title\" data-id=\"888c79a\" data-element_type=\"widget\" data-widget_type=\"mkdf_section_title.default\">\n\t\t\t\t<div class=\"elementor-widget-container\">\n\t\t\t\t\t<div class=\"mkdf-section-title-holder  mkdf-st-standard mkdf-st-title-left mkdf-st-normal-space \" style=\"text-align: center\">\n\t<div class=\"mkdf-st-inner\">\n\t\t\t\t\t<h2 class=\"mkdf-st-title\" >\n\t\t\t\tO blogu\t\t\t<\/h2>\n\t\t\t\t\t<\/div>\n<\/div>\t\t\t\t<\/div>\n\t\t\t\t<\/div>\n\t\t\t\t<div class=\"elementor-element elementor-element-5f6b1824 elementor-widget elementor-widget-text-editor\" data-id=\"5f6b1824\" data-element_type=\"widget\" data-widget_type=\"text-editor.default\">\n\t\t\t\t<div class=\"elementor-widget-container\">\n\t\t\t\t\t\t\t\t\t<p>Razglednice.. ili ti postcards&#8230; je blog nastao iz moje \u017eelje da pi\u0161em o mojim pute\u0161estvijima.<\/p><p>Putovanjima po svetu onako turisti\u010dki, i zemljama u kojima sam \u017eivela ili trenutno \u017eivim.<br \/>Ukoliko imate ne\u0161to da dodate na zadatu temu mo\u017eete to u\u010diniti u vidu komentara ispod svakog posta. Ja u slobodnu re\u010d, demokratiju i ostale budala\u0161tine ne verujem te \u0107e va\u0161i komentari koji mi se ne svide biti izbrisani.<\/p><p>Sav tekst i slike su mojih ruku delo ako nije druga\u010dije nazna\u010deno. Ukoliko \u017eelite da koristite tekst ili slike (u veli\u010dini i formatu u kojem su na sajtu ili bilo kom drugom), mo\u017eete mi poslati zahtev koriste\u0107i kontakt na ovoj strani.<\/p><p>Hvala na \u010ditanju,<\/p><p>Marica<\/p>\t\t\t\t\t\t\t\t<\/div>\n\t\t\t\t<\/div>\n\t\t\t\t<div class=\"elementor-element elementor-element-a9ab922 elementor-widget elementor-widget-mkdf_separator\" data-id=\"a9ab922\" data-element_type=\"widget\" data-widget_type=\"mkdf_separator.default\">\n\t\t\t\t<div class=\"elementor-widget-container\">\n\t\t\t\t\t    <div class=\"mkdf-separator-holder clearfix  mkdf-separator-center mkdf-separator-normal\">\n        <div class=\"mkdf-separator\" style=\"border-color: #F7775E;border-style: solid;width: 80%;margin-top: 20px;margin-bottom: 20px\"><\/div>\n    <\/div>\n\t\t\t\t<\/div>\n\t\t\t\t<\/div>\n\t\t\t\t\t<\/div>\n\t\t\t\t<\/div>\n\t\t\t\t<\/div>\n\t\t","protected":false},"excerpt":{"rendered":"<p>O blogu Razglednice.. ili ti postcards&#8230; je blog nastao iz moje \u017eelje da pi\u0161em o mojim pute\u0161estvijima. Putovanjima po svetu onako turisti\u010dki, i zemljama u kojima sam \u017eivela ili trenutno \u017eivim.Ukoliko imate ne\u0161to da dodate na zadatu temu mo\u017eete to [&hellip;]<\/p>\n","protected":false},"author":1,"featured_media":0,"parent":0,"menu_order":1,"comment_status":"open","ping_status":"closed","template":"","meta":{"footnotes":""},"class_list":["post-731","page","type-page","status-publish","hentry"],"_links":{"self":[{"href":"https:\/\/marica.org\/index.php?rest_route=\/wp\/v2\/pages\/731","targetHints":{"allow":["GET"]}}],"collection":[{"href":"https:\/\/marica.org\/index.php?rest_route=\/wp\/v2\/pages"}],"about":[{"href":"https:\/\/marica.org\/index.php?rest_route=\/wp\/v2\/types\/page"}],"author":[{"embeddable":true,"href":"https:\/\/marica.org\/index.php?rest_route=\/wp\/v2\/users\/1"}],"replies":[{"embeddable":true,"href":"https:\/\/marica.org\/index.php?rest_route=%2Fwp%2Fv2%2Fcomments&post=731"}],"version-history":[{"count":13,"href":"https:\/\/marica.org\/index.php?rest_route=\/wp\/v2\/pages\/731\/revisions"}],"predecessor-version":[{"id":5593,"href":"https:\/\/marica.org\/index.php?rest_route=\/wp\/v2\/pages\/731\/revisions\/5593"}],"wp:attachment":[{"href":"https:\/\/marica.org\/index.php?rest_route=%2Fwp%2Fv2%2Fmedia&parent=731"}],"curies":[{"name":"wp","href":"https:\/\/api.w.org\/{rel}","templated":true}]}}